). Let b = d + 26. Suppose -b + 892 = 8*c. What is the units digit of c?
1
Let d(n) = -110*n + 38. Let q be (2/(-3))/((-10)/45). Let t(x) = 37*x - 13. Let u(w) = q*d(w) + 8*t(w). What is the tens digit of u(-2)?
7
Suppose -4*m - 3*u + 474 + 255 = 0, -m + 174 = -2*u. Suppose -m = 8*g - 6*g. Let y = g + 198. What is the hundreds digit of y?
1
Let h = -90 + 90. Let i be h/(-3) - (-208 + 4). Suppose -203 = -4*s + 2*n + 3*n, -4*n = -4*s + i. What is the units digit of s?
2
Suppose -d + 3785 = -9271. What is the units digit of d?
6
Let k(c) = 4*c**2 - c - 22. Let f = -25 + 32. What is the hundreds digit of k(f)?
1
Suppose 3*z - 277 = 5*m + 363, 0 = -2*z + m + 422. Let s = 345 - z. What is the tens digit of ((s/10)/(-9))/(3/(-104))?
5
Let n = 9 + -5. Suppose n*u = -64 - 140. What is the hundreds digit of u/(2 + 15/(-6))?
1
Suppose 77*n + 188235 = 92*n. What is the tens digit of n?
4
Suppose 5*g = -2*f + 6011, 3*f - g - 6259 = 2766. What is the thousands digit of f?
3
Suppose 0 = -2*r + z - 43 - 21, 5*z = -4*r - 142. Let y = 72 + -122. Let h = r - y. What is the units digit of h?
7
Suppose -28894 = -2*f + 8*d, -13*f = -17*f - 2*d + 57860. What is the ten thousands digit of f?
1
Let b = 3374 + 5594. What is the units digit of b?
8
Suppose -13*v - 3*v + 48 = 0. Let y(d) = 34*d**3 - 4*d**2 + 12*d - 17. What is the units digit of y(v)?
1
Let v(f) = 25*f**3 - 12*f**2 - 8*f - 16. What is the hundreds digit of v(6)?
9
Let z(p) = 2*p - 18*p + 3*p**2 + 431 - 15*p**2 - 417 + 2*p**3. What is the tens digit of z(11)?
4
What is the tens digit of 8633 - (20 + -6)/2?
2
Let z(i) be the third derivative of -i**4/6 - 9*i**3/2 - 6*i**2. Let v be z(-9). What is the tens digit of (-13)/1*(-13 + v)?
5
Let j be 8/16*74/1. Suppose -j = -r + 81. Let y = 120 - r. What is the units digit of y?
2
Suppose 2*z - 26*m + 23*m = 73, -5*z - 4*m = -125. Let t = -15 + 51. Let l = z + t. What is the units digit of l?
5
What is the tens digit of ((-24)/4)/((-32)/19920)?
3
Let i(l) be the third derivative of l**6/120 - l**5/60 - l**4/6 + 5*l**3/3 + 5*l**2 + 1. What is the units digit of i(7)?
6
Let v be (-4)/(-5) - (-612)/(-90). What is the tens digit of 109/((20/(-210))/(v/9))?
6
Suppose -11235 = 10*y - 34715. What is the hundreds digit of y?
3
Let o(a) = 4*a**2 - 12*a + 13 - 14*a**2 + 11*a**2. Let j be o(11). Suppose 2*x + 4*n - 476 = 0, -j*x - n + 450 = -38. What is the tens digit of x?
4
Suppose 0 = 4*t - 8*t - 724. Let v = 357 + t. Suppose -h = h - v. What is the units digit of h?
8
Let f be (-16*16/(-768))/((-1)/(-24)). What is the hundreds digit of -83*13/((-26)/f)?
3
Let y(s) = -12*s**3 + 17*s**2 + 7*s + 183. What is the thousands digit of y(-8)?
7
Let l(d) = -2*d**2 + 82*d + 52. Let v be l(40). What is the tens digit of v/220 + ((-5284)/10)/(-1)?
2
Let i(w) = -w**3 - 20*w**2 - 36*w + 18. Let c be i(-18). Let u = 171 - c. What is the tens digit of u?
5
Let q(s) be the third derivative of -35*s**4/24 - 23*s**3/6 - 11*s**2. What is the tens digit of q(-14)?
6
Suppose -4*k + 8*k = -k. What is the tens digit of (-2 + k)/1*300/(-24)?
2
Suppose -i - i = 4, -12 = -4*p + 4*i. Let j be (p - 1)*(-11)/(-22). Suppose j = -16*h + 12*h + 252. What is the tens digit of h?
6
Suppose 0 = -5*o - 2*y + 552, -833 = -5*o + 2*y - 285. Let a = 114 - o. What is the units digit of a?
4
Let p(h) = -h**3 - 10*h**2 + 11*h + 2. Let u be p(-11). Suppose -4*v + 396 = i - 636, u*v = 2*i - 2094. What is the thousands digit of i?
1
Let j = 10470 - 4993. What is the units digit of j?
7
What is the thousands digit of 8 + 69530/51*72/15?
6
Suppose a = 4*t - 5683, 4*t - 5914 = -2*a - 216. Suppose 0 = 3*s - 4*x - 2087, -2*s + t = 3*x + 2*x. What is the tens digit of s?
0
Let t = -14917 + 22248. Suppose -35*o - t = -28891. What is the hundreds digit of o?
6
Suppose -s = -480 + 13. What is the tens digit of s?
6
What is the thousands digit of (-2 - -12 - -6443) + 4 + -4?
6
Let z(b) = 2*b**3 - 7*b**2 + 5*b - 4. Let m be z(3). Suppose 2*j = 3*f + 986 + 528, 8 = m*f. What is the hundreds digit of j?
7
Suppose 4*p + 4*q = -148, -4*q = -2*p - q - 89. What is the units digit of (-3 - 184/p)*230?
8
Let k(t) = -3*t**3 + 20*t**2 - 14*t + 15. Let v be k(6). Suppose -2*i + 763 = 4*y - 849, 3*i + v*y = 2427. What is the hundreds digit of i?
8
Let z(o) be the first derivative of o**4/4 - 7*o**3/3 + 8*o**2 + 9*o + 134. What is the hundreds digit of z(8)?
2
Let a be (-4)/(((-45)/(-21))/3 + -1). Suppose a*z - 2957 - 9069 = 0. What is the hundreds digit of z?
8
Suppose -j + 23287 = -3*q, -34*q + 8 = -32*q. What is the units digit of j?
9
Let u(f) = -f**3 - f - 2. Let a be u(-1). Suppose n + a*n = 445. What is the hundreds digit of n?
4
What is the hundreds digit of (-4)/8*(7 + 9 + -3434)?
7
Suppose 221 = -3*u - 2*h, 6*u - 5*u + 68 = 5*h. Let v = u - -73. Suppose v = 5*x - 779 + 69. What is the units digit of x?
2
Let j = 134732 + -75428. What is the ten thousands digit of j?
5
Suppose -964 = 6*d - 3232. Let k = 113 + d. What is the hundreds digit of k?
4
Suppose -3*n = 12, 4*r - 4*n = -n + 28. Let v be 3/((-21)/(-2)) - 1947/(-413). Suppose -r*x - x = p - 865, 0 = 5*x + v*p - 885. What is the units digit of x?
2
What is the hundreds digit of -12 - (-1688 + -1)*(-6 + 25)?
0
Suppose -2*l - 2*q + 0*q + 27676 = 0, 3*l = -5*q + 41520. What is the tens digit of l?
3
Let a be 2/(-3)*(-8 - (4 + -6)). Let u be -304 + (1 - (5 - a)). Let c = -177 - u. What is the tens digit of c?
2
Let d = 283 + 3553. What is the units digit of d?
6
Let r(n) = 15*n + 7. Let o(y) be the third derivative of -31*y**4/24 - 5*y**3/2 - 31*y**2. Let m(x) = -4*o(x) - 9*r(x). What is the units digit of m(-2)?
9
Let u(s) be the first derivative of s**3/3 + 9*s**2/2 - 25*s + 27. Let l be u(-11). What is the tens digit of (3*8)/((-33)/12 - l)?
9
Suppose 152 = 2*p - 4*t - 0*t, p - 75 = 3*t. Let a = -78 + p. What is the units digit of (a + -2)*(-5 + -77)?
4
Suppose 120*k - 1037273 - 1457407 = 597000. What is the units digit of k?
4
Let s be 7/(126/(-2151))*-10. Suppose 15 = -5*f, 2*i + 4*f - s = 1195. What is the hundreds digit of i?
2
Let r be 4/(-5) - 2878/(-10). Suppose -r = 4*x - 2939. What is the tens digit of x?
6
Let p(b) = 6*b**3 + 11*b**2 + 17*b - 8. Let q be p(7). Suppose -q = -44*x + 4684. What is the units digit of x?
8
Let p(a) = -3*a**2 + 6*a - 15. Let i be p(3). Let q(v) = v**3 + 25*v**2 - 9*v - 109. What is the tens digit of q(i)?
8
Suppose -4*u = 3 - 19. Let s(z) be the second derivative of 5*z**4/12 - 3*z**3/2 + 7*z**2/2 + 230*z. What is the tens digit of s(u)?
5
What is the units digit of (11 - 18)/(6/(-12864))?
8
Let u(x) = -2*x**3 - 80*x**2 + 104*x + 1. What is the hundreds digit of u(-42)?
6
Let h(p) = p**3 - 13*p**2 + 4*p - 14. Let m be h(15). Suppose 0 = -2*l - 2, -2*i + l + 2473 - m = 0. What is the units digit of i?
8
Let l(c) = -2248*c - 1388. What is the thousands digit of l(-26)?
7
Suppose 5*n + 6266 = 2*g, 4104 = 3*g + 3*n - 5316. Suppose -19*d + 13*d + g = 0. What is the units digit of d?
3
Suppose 2*w = 4*l + 62, 1 = -5*w + 6. Let i(m) = -m**3 - 15*m**2 - 7*m - 10. What is the tens digit of i(l)?
9
Let b = -1523 + 1523. Let d(a) = 2*a - 1. Let t be d(2). Suppose 4*h - 152 = -4*l, b = t*l - 3. What is the units digit of h?
7
Suppose -5*d + 170 = -5*z + 50, 2*z + 8 = 0. Suppose t + 6 = -4*m + 22, 0 = -5*t - d. What is the units digit of (-3)/m - (0 - 866/10)?
6
Suppose 2933830 + 2057908 = 177*x + 587447. What is the units digit of x?
3
Let b(q) = q**3 - 10*q**2 - 13*q + 15. Let k be b(11). Let r(y) = y**3 + 16*y**2 - 12*y - 34. What is the tens digit of r(k)?
9
What is the tens digit of (-104)/13 - (148318/(-7) + (-62)/(-217))?
8
Let z = -42574 - -60161. What is the ten thousands digit of z?
1
Suppose 2*h + 520 = -1634. Let j = h - -1661. What is the units digit of j?
4
Let w = 12189 - 875. What is the thousands digit of w?
1
Let q = 59355 + -39819. What is the units digit of q?
6
Let j = -1076 - -7227. What is the thousands digit of j?
6
Let h(r) = r**2 + 10*r - 9. Let t be h(-11). Let d(w) = 110*w**t - w - 17 + 18 + 2*w. What is the hundreds digit of d(-1)?
1
Suppose 4*q + 36 = 88. Suppose 4*r - h = -11, -r + 0*r - 5*h + q = 0. What is the units digit of 21/r*25/(-15)*2?
5
Suppose -57 = -2*k - 49. Suppose -3*z = q + z - k, -5*q + 45 = -5*z. Sup